Calculate the greatest common factor of 324 and 8852.
4
What is the greatest common factor of 123108 and 540?
12
Calculate the highest common divisor of 15476 and 1643.
53
Calculate the highest common factor of 50 and 69250.
50
What is the greatest common divisor of 123656 and 22504?
232
Calculate the highest common divisor of 24 and 57108.
12
What is the greatest common divisor of 12950 and 315?
35
What is the greatest common divisor of 2470 and 28310?
190
Calculate the highest common divisor of 864 and 4146336.
864
Calculate the highest common divisor of 1630131 and 471.
471
What is the highest common divisor of 6096 and 112?
16
Calculate the greatest common factor of 2907020 and 1528.
764
What is the highest common divisor of 158 and 4074583?
79
What is the highest common divisor of 416499 and 228?
57
What is the highest common divisor of 1354 and 1003991?
677
What is the greatest common divisor of 3231812 and 4668?
1556
What is the greatest common divisor of 11977 and 6209?
7
Calculate the highest common factor of 270 and 2915055.
135
What is the greatest common factor of 22102 and 344?
86
Calculate the greatest common factor of 16933 and 29561.
287
What is the highest common factor of 110201 and 196?
49
What is the highest common divisor of 3366 and 20944?
374
Calculate the greatest common divisor of 549399 and 499.
499
What is the highest common divisor of 189 and 23884?
7
Calculate the greatest common divisor of 2226 and 6307.
371
Calculate the highest common divisor of 701430 and 4635.
1545
What is the highest common factor of 5984 and 28468?
44
What is the highest common divisor of 189 and 26964?
63
What is the greatest common factor of 366450 and 420?
210
What is the highest common factor of 222156 and 612?
612
Calculate the highest common divisor of 12 and 228.
12
What is the greatest common divisor of 7 and 549409?
7
What is the highest common divisor of 56 and 203168?
56
Calculate the greatest common factor of 222875 and 5875.
125
What is the highest common factor of 2385 and 115646?
53
Calculate the highest common divisor of 2028 and 1275443.
169
Calculate the highest common factor of 30682 and 522.
58
Calculate the greatest common factor of 20421 and 54.
9
Calculate the greatest common divisor of 1 and 34913.
1
Calculate the highest common factor of 1790 and 1353598.
358
What is the highest common divisor of 880 and 21296?
176
What is the greatest common factor of 49 and 637?
49
What is the highest common divisor of 460 and 27048?
92
What is the greatest common factor of 1884 and 1092?
12
Calculate the greatest common factor of 2320 and 45.
5
What is the highest common factor of 5 and 1235?
5
Calculate the greatest common divisor of 59 and 589469.
59
Calculate the greatest common factor of 6216 and 1148.
28
Calculate the highest common factor of 1675401 and 4095.
273
Calculate the greatest common factor of 58775 and 50.
25
Calculate the highest common factor of 156776 and 8.
8
What is the greatest common factor of 14 and 3240734?
14
Calculate the highest common factor of 56 and 1864.
8
What is the highest common factor of 4670 and 60?
10
Calculate the greatest common factor of 278 and 74.
2
Calculate the greatest common divisor of 135450 and 882.
126
What is the highest common divisor of 497292 and 348?
348
Calculate the highest common factor of 183198 and 171.
57
What is the greatest common divisor of 41891 and 2445?
163
Calculate the greatest common factor of 3003 and 161252.
91
Calculate the greatest common divisor of 672810 and 410.
410
Calculate the highest common divisor of 16125 and 83000.
125
Calculate the highest common divisor of 12190 and 2915.
265
Calculate the greatest common factor of 32243 and 133.
19
Calculate the highest common factor of 6061 and 696.
29
What is the highest common divisor of 416362 and 2863?
409
Calculate the highest common divisor of 1934276 and 31.
31
What is the highest common divisor of 1100 and 140404?
44
Calculate the greatest common divisor of 25039 and 15330.
511
Calculate the highest common factor of 6 and 11354.
2
What is the highest common divisor of 60 and 120612?
12
What is the greatest common divisor of 67844 and 224?
28
Calculate the highest common divisor of 551833 and 194.
97
Calculate the greatest common factor of 1053 and 1131.
39
What is the greatest common divisor of 7106 and 66?
22
What is the greatest common factor of 288 and 1422?
18
Calculate the highest common divisor of 552 and 25728.
24
Calculate the greatest common factor of 830 and 16102.
166
What is the highest common factor of 33653 and 11525?
461
Calculate the highest common factor of 328 and 488.
8
Calculate the greatest common factor of 817 and 18533.
43
What is the greatest common divisor of 4408 and 6840?
152
Calculate the highest common factor of 28 and 5173084.
28
Calculate the highest common divisor of 265392 and 6111.
873
What is the greatest common divisor of 413 and 762280?
59
What is the highest common divisor of 1345 and 205?
5
What is the greatest common factor of 297612 and 9?
9
Calculate the greatest common factor of 10 and 6081.
1
Calculate the greatest common factor of 14 and 684915.
7
What is the greatest common factor of 130037 and 109?
109
What is the highest common divisor of 103840 and 416?
32
Calculate the greatest common factor of 2767254 and 189.
21
What is the greatest common divisor of 456433 and 51?
17
Calculate the highest common factor of 10729 and 1.
1
What is the greatest common factor of 51087 and 3?
3
What is the highest common divisor of 387 and 89526?
129
What is the highest common factor of 76248 and 9?
9
Calculate the highest common factor of 1055 and 109087.
211
What is the greatest common factor of 6125 and 1750525?
1225
Calculate the highest common factor of 45248 and 4648.
56
Calculate the highest common factor of 3838 and 1010.
202
Calculate the highest common divisor of 14958 and 162.
54
Calculate the greatest common factor of 34977 and 1068.
267
Calculate the greatest common factor of 50 and 2075.
25
Calculate the greatest common factor of 1590 and 240.
30
Calculate the highest common factor of 2749958 and 318.
106
Calculate the greatest common factor of 135594 and 36.
18
Calculate the highest common factor of 389457 and 4905.
981
What is the highest common divisor of 180 and 4011?
3
What is the greatest common divisor of 495 and 3509?
11
Calculate the highest common factor of 25 and 18485.
5
What is the highest common factor of 90876 and 18?
6
What is the highest common factor of 16 and 74384?
16
What is the highest common factor of 104070 and 30?
30
What is the highest common divisor of 2005055 and 39?
13
Calculate the highest common divisor of 1363075 and 350.
175
What is the highest common factor of 15879 and 3015?
201
Calculate the highest common divisor of 133377 and 46.
23
What is the highest common factor of 9849 and 11466?
147
Calculate the greatest common factor of 4572 and 11880.
36
What is the highest common factor of 448 and 12656?
112
Calculate the greatest common factor of 311 and 727429.
311
Calculate the greatest common factor of 1 and 27077.
1
What is the highest common factor of 90978 and 41634?
1542
What is the greatest common divisor of 43250 and 115?
5
What is the highest common factor of 205 and 1189?
41
Calculate the highest common factor of 175 and 93135.
35
Calculate the highest common factor of 2132486 and 116.
58
Calculate the highest common divisor of 684 and 16704.
36
What is the highest common divisor of 51554 and 64070?
298
Calculate the highest common divisor of 16107336 and 636.
636
Calculate the greatest common divisor of 10672 and 295481.
667
What is the highest common divisor of 13056 and 102?
102
What is the highest common factor of 6072 and 12936?
264
What is the greatest common divisor of 4 and 12706?
2
What is the greatest common factor of 456 and 3176?
8
Calculate the greatest common factor of 405 and 10245.
15
What is the highest common factor of 10922 and 1376?
86
Calculate the highest common divisor of 2226959 and 21.
7
Calculate the highest common factor of 4251 and 108303.
39
Calculate the highest common factor of 79360 and 155.
155
What is the highest common divisor of 2060196 and 204?
204
Calculate the highest commo